In base 16, what is -26 - -3?
-23
In base 2, what is 100 + 1101001111001?
1101001111101
In base 11, what is -3 + -97?
-9a
In base 11, what is 21579 - -4?
21582
In base 13, what is -2 - 2b?
-30
In base 4, what is -100231 - -3?
-100222
In base 3, what is -12 + -120?
-202
In base 16, what is 3 + 1b8c?
1b8f
In base 13, what is -1324 - -5?
-131c
In base 6, what is -1 - -221?
220
In base 9, what is -142 - 0?
-142
In base 16, what is -3 - 47?
-4a
In base 5, what is 141 - 130?
11
In base 4, what is 2 - -12?
20
In base 2, what is -11100111 - -101?
-11100010
In base 5, what is -23302 + 2?
-23300
In base 3, what is -210 - 12100?
-20010
In base 16, what is 571d + 2?
571f
In base 13, what is 5 - -621?
626
In base 7, what is 1 + 613?
614
In base 6, what is -4022 - 1?
-4023
In base 15, what is 3 - -49b?
49e
In base 13, what is -31 + 25?
-9
In base 3, what is -11 + -220210?
-220221
In base 14, what is -14 + 741?
72b
In base 13, what is -1 - -1c?
1b
In base 14, what is -10 - 29?
-39
In base 14, what is 800c - -4?
8012
In base 15, what is -b - 53b?
-547
In base 6, what is -220 - 5?
-225
In base 5, what is -20 - 101?
-121
In base 15, what is c + -18a?
-17d
In base 12, what is 0 - -1bb?
1bb
In base 10, what is 50 + -28?
22
In base 6, what is -202 + 2?
-200
In base 12, what is -ab3 + -8?
-abb
In base 6, what is 2 - 32254?
-32252
In base 7, what is -4 - -112?
105
In base 2, what is -101 + -110?
-1011
In base 3, what is 10 + -201022?
-201012
In base 14, what is -3 - -b5?
b2
In base 2, what is 10 - 1111001?
-1110111
In base 4, what is -1 - 112?
-113
In base 3, what is 21 - 100200?
-100102
In base 16, what is 31a3 - -1?
31a4
In base 15, what is 65 + -b1?
-4b
In base 11, what is -2 - a1?
-a3
In base 15, what is -9e + 1?
-9d
In base 15, what is -4 - -13e0?
13db
In base 9, what is 34 - -26?
61
In base 10, what is -5 - -581?
576
In base 15, what is 12 + 11?
23
In base 2, what is 11 - 10010100001?
-10010011110
In base 14, what is -3 + -4d?
-52
In base 12, what is 1 - -a1?
a2
In base 7, what is 23 - -404?
430
In base 14, what is 62 - -1?
63
In base 3, what is 1 - 2100?
-2022
In base 10, what is 145 - 0?
145
In base 8, what is -22 + -217?
-241
In base 10, what is 49 - 6?
43
In base 8, what is -2457 - -4?
-2453
In base 5, what is -100021 + 3?
-100013
In base 11, what is -105 - 14?
-119
In base 12, what is -13 + 317?
304
In base 3, what is -1 - 212121?
-212122
In base 2, what is 101010001 - 100?
101001101
In base 14, what is -5 + -132?
-137
In base 3, what is 1110021 + 1?
1110022
In base 2, what is 0 - -11100?
11100
In base 7, what is 3 + -33?
-30
In base 2, what is -1 - -100111?
100110
In base 9, what is -15 - -227?
212
In base 6, what is -1 + 45?
44
In base 8, what is 44 + -101?
-35
In base 4, what is -11 + -112?
-123
In base 2, what is 10100001 + -100?
10011101
In base 11, what is 4747 + 0?
4747
In base 13, what is -59 - 3?
-5c
In base 11, what is 352 - 2?
350
In base 8, what is -4 + -330?
-334
In base 16, what is -5 - 185?
-18a
In base 8, what is -12 - -207?
175
In base 10, what is 670 + 3?
673
In base 5, what is -3 + 12004?
12001
In base 4, what is 0 - 1322?
-1322
In base 4, what is -11 + -123?
-200
In base 11, what is -119 - 3?
-121
In base 4, what is 3223 - 31?
3132
In base 7, what is -4 - 432?
-436
In base 12, what is 0 + 191?
191
In base 8, what is 13 + 123?
136
In base 8, what is -25 - 1?
-26
In base 8, what is 1 - -13?
14
In base 15, what is -4c - 8?
-55
In base 10, what is 46 + 12?
58
In base 3, what is 11100 - 2?
11021
In base 2, what is 11111001 + -1001011?
10101110
In base 5, what is -13 - -102?
34
In base 15, what is -4 - 3da?
-3de
In base 3, what is -21000001 + 0?
-21000001
In base 15, what is -c - -78?
6b
In base 10, what is -140 - -3?
-137
In base 9, what is 10 + 2?
12
In base 7, what is 120 - 6?
111
In base 15, what is 1 + -8?
-7
In base 12, what is -17513 - 5?
-17518
In base 16, what is d00 + 4?
d04
In base 9, what is -18 - -4?
-14
In base 4, what is 2 + 31?
33
In base 12, what is -1 - -14?
13
In base 8, what is -3 + 1625?
1622
In base 12, what is b9 + 0?
b9
In base 11, what is -4 + -7a?
-83
In base 2, what is 100 + -101010110000?
-101010101100
In base 5, what is 331 - -41?
422
In base 4, what is -10313 + 2?
-10311
In base 15, what is -1 - -b0?
ae
In base 9, what is 44 + 182?
236
In base 3, what is -11 + 101112?
101101
In base 3, what is -12022 - 1?
-12100
In base 12, what is 1 - -74?
75
In base 6, what is 14 - -40?
54
In base 12, what is 2 + 957?
959
In base 2, what is -1000110 - -10?
-1000100
In base 15, what is 2e27 + 0?
2e27
In base 11, what is -448 + 6?
-442
In base 3, what is 10 + 201121?
201201
In base 6, what is 11 + 212?
223
In base 14, what is 672 + -5?
66b
In base 13, what is 5 + -4?
1
In base 9, what is 12070 - 3?
12066
In base 9, what is -163 + -11?
-174
In base 2, what is 1 + -10110?
-10101
In base 12, what is 2 + 5?
7
In base 14, what is 195 - -1?
196
In base 14, what is 1a2 - -18?
1ba
In base 14, what is -3 + -7c6?
-7c9
In base 14, what is 47 - 90?
-47
In base 2, what is 10 + -11000111001?
-11000110111
In base 4, what is 3 + -3102?
-3033
In base 6, what is 13114 - -10?
13124
In base 9, what is -85 - -1?
-84
In base 13, what is 736 + -1?
735
In base 14, what is -34 + -1?
-35
In base 4, what is 20 - -2132?
2212
In base 11, what is 43 + 8a?
122
In base 6, what is -20 + -2245?
-2305
In base 3, what is 101 - -1200?
2001
In base 6, what is 44 - 1?
43
In base 9, what is 45 - -136?
182
In base 9, what is -2027 - -5?
-2022
In base 11, what is 60 + -36?
25
In base 3, what is -12122 - 100?
-12222
In base 13, what is 1 - -319?
31a
In base 8, what is -522 + 3?
-517
In base 2, what is -111110 + 101?
-111001
In base 5, what is 20 + 102?
122
In base 12, what is 1964 + 7?
196b
In base 4, what is 0 - 121?
-121
In base 3, what is 10200 - 211?
2212
In base 12, what is -7a99 + -3?
-7aa0
In base 4, what is 3 + 310?
313
In base 2, what is 1 + -1111?
-1110
In base 2, what is -1 + -110011110?
-110011111
In base 12, what is -4b + 20?
-2b
In base 3, what is 12101 + 200?
20001
In base 12, what is 11 + 5a?
6b
In base 10, what is 35 + 160?
195
In base 4, what is -10 - 1021303?
-1021313
In base 2, what is 10101011 + 1?
10101100
In base 3, what is -20 - -1000?
210
In base 6, what is 20 - 55?
-35
In base 15, what is -4 - -e8?
e4
In base 3, what is 110 - 2212?
-2102
In base 12, what is -2 + -210b?
-2111
In base 6, what is -3535 + -5?
-3544
In base 14, what is -12 - 1b?
-2d
In base 8, what is -331 - -7?
-322
In base 12, what is -4 - 15a3?
-15a7
In base 8, what is 147 + 22?
171
In base 3, what is -10 - -121212?
121202
In base 12, what is -1 - 1762?
-1763
In base 9, what is -1 + -104?
-105
In base 2, what is 10001101 + -100?
10001001
In base 10, what is -170 + 29?
-141
In base 16, what is -1 + 6db?
6da
In base 15, what is -3 + -110?
-113
In base 14, what is 83 + 19?
9c
In base 8, what is 5 + 34?
41
In base 10, what is 67 + 12?
79
In base 3, what is 10110 + 11?
10121
In base 16, what is -6f - 7?
-76
In base 2, what is -11000 + 1001000?
110000
In base 11, what is -5 - -19?
14
In base 10, what is -200 + -5?
-205
In base 2, what is -111 - -11000110101?
11000101110
In base 16, what is -3 + 2?
-1
In base 8, what is -2 - 37?
-41
In base 7, what is -2 - -6004?
6002
In base 15, what is -5 - e4?
-e9
In base 15, what is -1 - 483?
-484
In base 4, what is 2 + -10100?
-10032
In base 2, what is 1 + 1110001000?
1110001001
In base 3, what is -102 + 2112?
2010
In base 5, what is 44 - -12431?
13030
In base 7, what is -20562 + -1?
-20563
In base 11, what is 1 - 726?
-725
In base 8, what is -102645 + -5?
-102652
In base 14, what is -2d + -1?
-30
In base 12, what is 23 + -a?
15
In base 8, what is -5 - 334?
-341
In base 9, what is 2 - 0?
2
In base 7, what is 1456 - -5?
1464
In base 8, what is 3574 - -1?
3575
In base 15, what is -88 - 1?
-89
In base 13, what is 306 - -2?
308
In base 2, what is -1111 + -1001010?
-1011001
In base 5, what is 22 + -432?
-410
In base 4, what is 122 - -102?
230
In base 2, what is -11010010 + -1?
-11010011
In base 3, what is -112111 + -2?
-112120
In base 11, what is 4 - -32?
36
In base 9, what is 2 + 217?
220
In base 16, what is 2 - 85?
-83
In base 7, what is 3 + -2166?
-2163
In base 4, what is 3 - 1023323?
-1023320
In base 11, what is 572 - -9?
580
In base 3, what is 